e hundreds digit of l/(-3)*1/2*-9?
1
Suppose -5*y + 10 = -5. Let h = 437 - -421. Suppose -y*s = -14*s + h. What is the units digit of s?
8
Let g(m) = -5*m**2 + 10*m - 495. Let w(t) = -6*t**2 + 10*t - 493. Let l(v) = -5*g(v) + 4*w(v). What is the tens digit of l(0)?
0
Suppose s + 28595 = 5*t, 5*t + 306*s - 310*s - 28610 = 0. What is the thousands digit of t?
5
Suppose 2*w + v - 27330 = 0, -5*v + 1020 = w - 12627. What is the ten thousands digit of w?
1
Let a(c) = c**3 - 21*c**2 + 16*c - 55. Let x be a(22). Suppose 14*t + 221 = x. What is the units digit of t?
0
Let g = 16 - -2. Suppose -32*s + g = -31*s. What is the hundreds digit of s/5*29 - (-6)/(-15)?
1
Let p(v) = 2*v**2 - 10*v + 28. Suppose -21*l - 52 + 157 = 0. Suppose -z - 4*z = l*j - 75, 4*j - 4*z - 20 = 0. What is the units digit of p(j)?
8
Let k be (-2)/(30/(-26) - 2/(-13)). Let p(x) = -3*x**k + 10*x**2 - x**3 + 5 - 9 - 2*x. What is the units digit of p(6)?
0
Suppose -x + 10182 = 5*u, -28*u = 3*x - 32*u - 30603. What is the thousands digit of x?
0
Let t = -50 + 53. Suppose -k - 27 = -t*w + 2*k, -3*w - 2*k = -2. Suppose 5*m + w*l = 805, -3*m + 2*m + 161 = -3*l. What is the hundreds digit of m?
1
Suppose -2*t - 31404 = -5*w, 616*w - 618*w + 12552 = -4*t. What is the hundreds digit of w?
2
Let c = 65 - -98. Let i = c - -106. What is the tens digit of i?
6
Let u be ((-635)/15)/((-2)/12). Suppose -3*k + u = 47. What is the units digit of k?
9
Suppose -71570 = -10*v + 228350. What is the ten thousands digit of v?
2
Let z(m) = 48*m**2 - 246*m + 44. What is the tens digit of z(18)?
6
Suppose -2*f + 0*h + 4*h + 130 = 0, -2*h + 45 = f. Let t = f - 43. Suppose 0 = -3*a + t, -34 - 24 = -5*q + 3*a. What is the units digit of q?
4
Let f = -167 - -388. Suppose 5*y - f = 444. What is the hundreds digit of y?
1
Let d be 8/2 - (1 + 8). Let f be 45/6*4/d. What is the units digit of (-289)/(-3) + 2/f?
6
Let l(p) be the first derivative of -17*p**2/2 + 13*p + 5. Let m be l(-9). Suppose 2*a - 90 = -5*f, -5*a + 24 = -5*f - m. What is the tens digit of a?
4
Suppose -8*m + 7*m = -3*p - 12, 4 = -3*m + p. What is the hundreds digit of (590 - 0)/(5/(2 - m))?
5
Let v(h) = 4014*h + 321. What is the units digit of v(2)?
9
Let j = 3782 - 2517. What is the units digit of j?
5
What is the hundreds digit of (-48)/56*-8005 + (-18)/42?
8
Let i = 8847 + -7696. What is the units digit of i?
1
Let n = 58 + -9. Suppose 48*u = n*u. Suppose u = -m + 68 - 25. What is the units digit of m?
3
Let d(x) = -x**3 + 39*x**2 - 90*x + 193. What is the units digit of d(25)?
3
Suppose -4*s = -f + 14491, -120*s - 14539 = -f - 124*s. What is the hundreds digit of f?
5
Suppose -210*j - 1324088 + 7689608 = 0. What is the thousands digit of j?
0
Suppose -174*r = -6047295 - 1000495 - 1787408. What is the ten thousands digit of r?
5
Let w = -25 + 28. Suppose 0 = w*f - 28 - 8. What is the tens digit of (-1)/6 - (-2)/(f/673)?
1
Let s(f) = f**3 - 13*f**2 + 2*f + 17. Suppose -5*n + 208 = 8*n. What is the hundreds digit of s(n)?
8
Suppose 0 = 10*q - 667 + 647. Suppose 12*t - q*v = 16*t - 2684, -3*t + 2*v = -2027. What is the tens digit of t?
7
Let r be 7 - (-19)/(-3) - 4/(-3). Suppose -3*x - r*v = -189, -5*v = 4*x - 167 - 78. What is the units digit of x?
5
Let d be (5283 - 0) + 25/(-1 - 4). What is the hundreds digit of d/(-39)*36/(-7)?
6
Suppose -2*s + 2*y - 5*y + 129 = 0, 4*s + y - 283 = 0. What is the hundreds digit of (-108)/s - 959/(-2)?
4
Suppose -4*z + 4*o = -241532, -208*z + 2*o = -211*z + 181139. What is the units digit of z?
1
Suppose -3*g + 69 - 47 = 2*r, 5*g + r - 46 = 0. Let f(p) = 83*p + 38. What is the units digit of f(g)?
8
Let k be 2 - (-15)/(15/308). Let u(r) = -21*r**2 - 5*r - 2. Let z be u(-3). Let l = k + z. What is the units digit of l?
4
Suppose 7*d - 11*d = 5*s - 13350, -5*s - 16665 = -5*d. What is the units digit of d?
5
Let x be 1013*52/(-20) + 1/(-5). Let y = x + 3869. What is the tens digit of y?
3
Suppose -2*s + 6*z + 32 = 3*z, 5*z - 30 = -5*s. Suppose s*l - 2291 = -11. What is the tens digit of l?
2
Suppose 44*q - 115360 = 130996. What is the thousands digit of q?
5
Suppose 70*y + 19*y - 3229934 = -5*y. What is the ten thousands digit of y?
3
Let x = 274 - 505. Let n = 340 + x. What is the tens digit of n?
0
Suppose 25707 = 16*l - 13*l. Suppose 3109 = -13*p + l. What is the tens digit of p?
2
Suppose -35*v + 50*v = 31*v - 280768. What is the thousands digit of v?
7
Suppose -9*f + 8 = 2*z - 6*f, 3*z - 2*f + 14 = 0. What is the tens digit of (-710 - 13)/((-13)/5 - z)?
0
Let t(n) = -2*n**3 + 11*n**2 - 2*n + 7. Let b be t(5). Let r = -23 + b. What is the units digit of r/(-3) + (-1158)/(-9)?
9
Let l be (5/5)/(((-15)/1401)/5). What is the tens digit of (-2 + 6 - l)*1?
7
Let c = -1971 + 2248. What is the units digit of c?
7
Let i(a) = 31*a**2 + 69*a - 593. What is the thousands digit of i(35)?
9
Let l be ((-48)/(-30))/((-2)/620). Let a = l - -270. What is the units digit of 1/3*(-1 - a)?
5
Suppose 0 = -i + 6*i - 755. Let m(v) = 106*v + 13. Let j be m(3). Suppose -j = -3*l - 5*z, 4*z + i = l + 35. What is the hundreds digit of l?
1
Let d = 142075 - 76770. What is the ten thousands digit of d?
6
Suppose 22 = 3*h + 19. Suppose h = 3*f - 8. What is the tens digit of (-12)/f - 1*-169?
6
What is the hundreds digit of -4 + (-6 - 12)*-699?
5
Suppose 0 = -2*n - 4, 3*n - n + 19 = 3*f. Suppose -3*a = -x + 131, x + 3*a = f*x - 569. Let g = x - 104. What is the units digit of g?
2
Suppose -5*l + 30 = 3*u - 0*u, -4*l + 5*u = 13. Suppose 0 = l*x - 0*i + 2*i - 88, -3*i - 106 = -4*x. Let k = 89 - x. What is the tens digit of k?
6
Let j(u) = -22 - 2*u**3 - 5*u + 109*u**2 + u**3 + 7 + 90*u**2 - 182*u**2. What is the units digit of j(11)?
6
Suppose -96*k + 1326409 = -2215127. What is the ten thousands digit of k?
3
Let p = -661 - -1417. What is the units digit of p?
6
Suppose 1554105 = 7*x + 34*x. Suppose -34*a + 13*a = -x. What is the hundreds digit of a?
8
Let j be -12*(2 + -1)*1/2. Let i be 1093/3 - (-3 + (-14)/j). Suppose 3*v - 2*h - 370 = 0, 6*v - h = 3*v + i. What is the units digit of v?
0
Suppose 159*u + 1841403 = 228*u. What is the thousands digit of u?
6
Let l = 42963 - 26438. What is the thousands digit of l?
6
Suppose -9*f + 8 = -7*f. Suppose 621 = -k + f*k. What is the units digit of k?
7
Let h = 1053 + -622. Suppose v - h = -r + 3*v, 5*r = -5*v + 2215. What is the tens digit of r?
3
Let b be 36/10 - 30/(-75). Suppose -4*w - w + 1332 = b*m, 5*w + 999 = 3*m. Suppose 8*h - 11*h + m = 0. What is the hundreds digit of h?
1
Suppose y + 4*r - 5278 = 1802, -2*y - r + 14153 = 0. What is the tens digit of y?
7
Suppose 26825 = 3*o + 5*s - 65753, -3*o - 2*s + 92572 = 0. What is the tens digit of o?
5
Let q(s) = -273*s + 20. Let y be q(-2). Suppose 2*m - 1988 = -u, m + u - 1561 + y = 0. What is the units digit of m?
3
Let z be -2*(1 - (4 + -1)). Suppose j - 4 = -w, 0 = z*j - 0*j - 4. Suppose 0*x = -w*x + 12. What is the units digit of x?
4
Let u = 349 - 330. Suppose u*l - 1227 = 2174. What is the units digit of l?
9
What is the hundreds digit of 386173632/13072 + 4/(-86)?
5
Suppose -5*m + 25 = 0, 3*a = 8*a + 5*m. Let f be -7 + 4 + 1*a. What is the tens digit of -3*(772/24)/(4/f)?
9
Suppose -2*r - r - 4*s = -77641, -23*r + 2*s + 595313 = 0. What is the hundreds digit of r?
8
Let t(o) = 619*o + 454. What is the units digit of t(6)?
8
Let d(y) = 2*y**3 + 6*y**2 + 11*y - 103. What is the ten thousands digit of d(17)?
1
Let w = 183 + -198. What is the tens digit of (-2178)/w*(-70)/(-21)?
8
Suppose -6*w + 7 = -5. Let q be (3/6)/(w/404). Suppose 59 = 4*b - 4*y - 49, 4*b = -3*y + q. What is the units digit of b?
6
Let g(z) = -4*z - 25. Let w be g(-7). Suppose 4*y - w*i + 8 = -0*i, 3*y + 5 = 2*i. What is the tens digit of 32 + -16 - (-4 + y)?
1
Let x(i) = -i**3 + 28*i**2 + 60*i - 13. Let b be x(30). Suppose -4*d - 10 = d. Let q = d - b. What is the tens digit of q?
1
Let o(s) = 4*s - 1. Let x be o(1). Suppose p = -2*p + b + 4, -25 = -5*p - 2*b. Suppose -2*y - 151 = -x*j, -p*j + j - y = -103. What is the tens digit of j?
5
Suppose -2918 = -3*a - 2*n, n - 717 + 4615 = 4*a. Let q = a - 91. What is the units digit of q?
3
Let z = 161 - 20. Suppose y - a + 183 = -4*y, -a = 4*y + z. Let w = y + 89. What is the units digit of w?
3
Suppose 5*f + 159848 = 7*